592
Calculate the remainder when 3368863 is divided by 32.
31
Calculate the remainder when 7631717 is divided by 1907920.
37
Calculate the remainder when 46421 is divided by 41697.
4724
Calculate the remainder when 483704 is divided by 30230.
24
What is the remainder when 59891 is divided by 29852?
187
What is the remainder when 300202 is divided by 149366?
1470
Calculate the remainder when 2571145 is divided by 6543.
6289
Calculate the remainder when 40621 is divided by 6706.
385
Calculate the remainder when 503660 is divided by 5712.
1004
What is the remainder when 1737595 is divided by 414?
37
What is the remainder when 243757 is divided by 732?
1
Calculate the remainder when 205940 is divided by 22866.
146
What is the remainder when 605642 is divided by 715?
37
What is the remainder when 10477 is divided by 1989?
532
Calculate the remainder when 289834462 is divided by 89.
88
What is the remainder when 1218866 is divided by 202?
200
Calculate the remainder when 63825434 is divided by 2727.
2726
Calculate the remainder when 10679436 is divided by 628200.
36
What is the remainder when 699313 is divided by 27906?
1663
What is the remainder when 39092 is divided by 4542?
2756
Calculate the remainder when 7997 is divided by 1995.
17
Calculate the remainder when 1295365 is divided by 1441.
1347
Calculate the remainder when 203906 is divided by 12733.
178
Calculate the remainder when 2033259 is divided by 18154.
11
What is the remainder when 53737770 is divided by 36?
30
What is the remainder when 3058338 is divided by 429?
426
Calculate the remainder when 948231 is divided by 236797.
1043
What is the remainder when 74546391 is divided by 492?
27
Calculate the remainder when 2225847 is divided by 46.
45
Calculate the remainder when 40734737 is divided by 441.
8
Calculate the remainder when 231363068 is divided by 384.
380
What is the remainder when 4465 is divided by 239?
163
Calculate the remainder when 136005 is divided by 27144.
285
Calculate the remainder when 4380639 is divided by 58408.
39
Calculate the remainder when 184907181 is divided by 1021.
1018
Calculate the remainder when 39584996 is divided by 19792489.
18
Calculate the remainder when 562459 is divided by 26.
1
What is the remainder when 7139 is divided by 648?
11
What is the remainder when 10618201 is divided by 826?
797
What is the remainder when 42439 is divided by 1366?
93
What is the remainder when 22237923 is divided by 4145?
4143
What is the remainder when 11426608 is divided by 3808814?
166
What is the remainder when 530471 is divided by 176798?
77
What is the remainder when 1105837 is divided by 552613?
611
Calculate the remainder when 4219 is divided by 560.
299
What is the remainder when 50503 is divided by 488?
239
What is the remainder when 2472204 is divided by 120?
84
Calculate the remainder when 120058 is divided by 59455.
1148
Calculate the remainder when 14104 is divided by 281.
54
Calculate the remainder when 1056405 is divided by 1053906.
2499
Calculate the remainder when 134443880 is divided by 53.
52
Calculate the remainder when 138584432 is divided by 6295.
7
Calculate the remainder when 692742 is divided by 43296.
6
What is the remainder when 20869991 is divided by 439?
370
What is the remainder when 618713 is divided by 145?
143
Calculate the remainder when 57752 is divided by 19.
11
What is the remainder when 43381 is divided by 2943?
2179
What is the remainder when 1130313 is divided by 132?
129
Calculate the remainder when 57121914 is divided by 292.
290
What is the remainder when 1522645 is divided by 70?
5
Calculate the remainder when 20341 is divided by 19522.
819
What is the remainder when 318294 is divided by 2767?
89
What is the remainder when 18652076 is divided by 153?
152
Calculate the remainder when 1664690 is divided by 750.
440
Calculate the remainder when 437043 is divided by 125.
43
Calculate the remainder when 93965 is divided by 523.
348
What is the remainder when 153183 is divided by 89?
14
What is the remainder when 1401767661 is divided by 3741?
3738
Calculate the remainder when 11368706 is divided by 37397.
18
What is the remainder when 622497 is divided by 882?
687
What is the remainder when 209719 is divided by 11028?
187
Calculate the remainder when 34644 is divided by 42.
36
Calculate the remainder when 687464 is divided by 11456.
104
What is the remainder when 13752178 is divided by 78?
76
What is the remainder when 14817670 is divided by 1811?
68
Calculate the remainder when 67755 is divided by 3215.
240
Calculate the remainder when 94533 is divided by 479.
170
Calculate the remainder when 503402 is divided by 1015.
977
What is the remainder when 121814277 is divided by 2520?
2517
What is the remainder when 667263 is divided by 70?
23
What is the remainder when 8603890 is divided by 49?
29
Calculate the remainder when 2608370 is divided by 128.
114
Calculate the remainder when 205918 is divided by 422.
404
What is the remainder when 129876 is divided by 3687?
831
Calculate the remainder when 38146689 is divided by 18287.
7
What is the remainder when 48180746 is divided by 114?
14
What is the remainder when 541309 is divided by 269909?
1491
Calculate the remainder when 663081 is divided by 7794.
591
Calculate the remainder when 38949827 is divided by 556426.
7
Calculate the remainder when 6316971 is divided by 2391.
2340
What is the remainder when 90625 is divided by 30206?
7
Calculate the remainder when 48967 is divided by 12146.
383
Calculate the remainder when 8467 is divided by 486.
205
What is the remainder when 4481828 is divided by 27?
17
What is the remainder when 20594 is divided by 4340?
3234
What is the remainder when 202986 is divided by 2506?
0
Calculate the remainder when 9700 is divided by 4447.
806
Calculate the remainder when 328488 is divided by 161190.
6108
Calculate the remainder when 75302 is divided by 6837.
95
What is the remainder when 237653 is divided by 8191?
114
What is the remainder when 1486328 is divided by 7659?
482
What is the remainder when 38931 is divided by 14456?
10019
What is the remainder when 132373989 is divided by 4?
1
What is the remainder when 8237312 is divided by 15114?
182
What is the remainder when 2698844 is divided by 1083?
8
What is the remainder when 149793550 is divided by 9?
7
Calculate the remainder when 3869547 is divided by 133426.
193
What is the remainder when 2217909 is divided by 3325?
134
What is the remainder when 198504354 is divided by 3826?
3822
Calculate the remainder when 10077142 is divided by 418.
416
What is the remainder when 16584165 is divided by 16584155?
10
What is the remainder when 175100 is divided by 7429?
4233
What is the remainder when 728027 is divided by 2093?
1756
What is the remainder when 28894 is divided by 3873?
1783
What is the remainder when 1278731 is divided by 1903?
1818
Calculate the remainder when 3521367 is divided by 206.
3
Calculate the remainder when 7164799 is divided by 2388264.
7
What is the remainder when 129282 is divided by 2098?
1304
Calculate the remainder when 222702 is divided by 1198.
1072
Calculate the remainder when 413961 is divided by 68985.
51
What is the remainder when 370031 is divided by 267?
236
Calculate the remainder when 362567 is divided by 1747.
938
What is the remainder when 44802 is divided by 307?
287
What is the remainder when 1426666 is divided by 36?
22
What is the remainder when 409891 is divided by 37217?
504
Calculate the remainder when 163217 is divided by 54289.
350
What is the remainder when 30815223 is divided by 6?
3
Calculate the remainder when 136759730 is divided by 132135.
5
What is the remainder when 91646 is divided by 5039?
944
Calculate the remainder when 2570242 is divided by 36200.
42
What is the remainder when 9333299 is divided by 795?
794
What is the remainder when 370161315 is divided by 2310?
2295
What is the remainder when 788783 is divided by 1745?
43
Calculate the remainder when 75734 is divided by 150.
134
Calculate the remainder when 4508136 is divided by 2901.
2883
What is the remainder when 6396702 is divided by 6396674?
28
Calculate the remainder when 470129 is divided by 234340.
1449
What is the remainder when 339457 is divided by 337203?
2254
Calculate the remai